5*y. Is 12 a factor of y?
False
Let z(a) = -a**3 - 2*a**2 - 5. Let q be z(-3). Is 8 a factor of ((-15)/10 + q)*(-18)/(-5)?
False
Let n = -13 + 19. Suppose -209 = -n*y - 35. Let d = -6 + y. Does 7 divide d?
False
Suppose -6*s + 8*s = 1308. Does 60 divide s?
False
Let a = 961 - 721. Does 8 divide a?
True
Suppose -1684 + 30724 = 22*p. Does 33 divide p?
True
Let y be (-18)/12 + (-594)/(-4). Let p = y + 20. Let c = 245 - p. Is 26 a factor of c?
True
Let v(y) = 21*y**2 + 2*y - 1. Let k be v(1). Let p = k - -34. Does 14 divide p?
True
Is 13 a factor of (-6 - -2)*(2 + (-843)/12)?
True
Suppose 7463 = 18*v - 3913. Does 14 divide v?
False
Suppose 5*t - 636 = 3*s, 88 = 4*t - 4*s - 424. Does 21 divide t?
True
Let i(m) = 7*m + 8. Let l(w) = 15*w + 16. Let s(x) = -9*i(x) + 4*l(x). Is s(-5) a multiple of 3?
False
Suppose -2*f - 3*z = -252, z + 116 = 2*f - f. Does 30 divide f?
True
Suppose -1511 = -10*x + 5789. Is x a multiple of 10?
True
Let a be (1 + 0)*(-4 - -3)*124. Let n(r) = 3*r**2 + 6. Let g be n(-8). Let d = a + g. Does 25 divide d?
False
Let j(u) = 19*u + 3. Let t be j(-1). Is (3 + (-5)/5)/((-1)/t) a multiple of 12?
False
Let d(v) = -8*v + 7. Let y(h) = -32*h + 28. Let k(z) = 9*d(z) - 2*y(z). Let m be k(-5). Suppose -m = 4*a - 271. Is a a multiple of 8?
True
Suppose -22 = 5*u + 2*w, 12 = -5*u + 3*w - 5. Let p be u/(-22) - (-2)/(-11). Is 10 a factor of (p - 1)/((-2)/74)?
False
Let n(q) = -q**3 + 8*q**2 - 9*q + 6. Let a be n(8). Let b = 27 + a. Is 26 a factor of (7 - 3)/((-2)/b)?
True
Suppose -x + 453 = u, 0 = -0*u + 5*u - 3*x - 2257. Does 20 divide u?
False
Let j(i) = 8*i**2 - 22*i + 1. Does 29 divide j(5)?
False
Suppose -145*n + 425385 = -8*n. Does 95 divide n?
False
Let w = -376 + 495. Is w a multiple of 14?
False
Let c(d) = d**2 - 9*d + 9. Let p be c(6). Let o(z) = 9*z + 7. Let j(t) = 37*t + 26. Let r(n) = 2*j(n) - 9*o(n). Is r(p) a multiple of 21?
False
Suppose -48*q + 53*q = 190. Is q a multiple of 6?
False
Is (-1*(-16)/(-14))/((-86)/18361) a multiple of 3?
False
Suppose 620 = -17*r + 48*r. Is 5 a factor of r?
True
Let f(t) = 28*t**2 - 7*t - 91. Is f(-9) a multiple of 40?
True
Suppose -14*u + 39 = -13*u. Suppose -3*v - 10*v = -u. Is v a multiple of 2?
False
Let s = 100 + -94. Does 6 divide 0 + (-940)/(-26) - s/39?
True
Let b(q) = -11*q - 7. Let u = -11 - -8. Does 16 divide b(u)?
False
Let r(y) = -2*y + 6. Let w be r(4). Let n be (-6 - w)/12*-186. Suppose 2*z - 10 = n. Is z a multiple of 10?
False
Let g = 709 + -529. Is g a multiple of 3?
True
Let g = -88 + 218. Is g a multiple of 13?
True
Let c(k) = -3 + 2 - 12*k - 11 - k**2 - 2. Is 7 a factor of c(-8)?
False
Let b be -3 - (0 - -2 - 101). Suppose 4*m + 8 = b. Suppose -q = -m - 30. Is q a multiple of 26?
True
Suppose 6 = -5*x + 1. Is (-2)/(-1) - -42 - x a multiple of 15?
True
Let t(n) = -n**2 + 6*n - 3. Let o be t(2). Suppose 4*r + 2 - 3 = 3*q, o*r + 3*q - 35 = 0. Is r a multiple of 4?
True
Suppose -6*p + 34 = -5*p. Is 4/(-16)*p*-10 a multiple of 21?
False
Let k = -140 - -144. Suppose 0 = -f + b + 176 + 33, b + 821 = k*f. Is f a multiple of 19?
False
Let p(w) = 12*w**3 + w**2 - 2*w + 2. Suppose -2*o = 2*t - 12, -o - 4*t = -5*t + 4. Is p(o) a multiple of 7?
False
Suppose -865 = 25*w - 26*w. Is w a multiple of 29?
False
Let i(s) = -s + 18. Let f be i(13). Suppose -13 = -f*x + 62. Is 5 a factor of x?
True
Let x(n) = n**3 + 14*n**2 + 13*n + 2. Let w be x(-13). Let u be w/8 + 13/(-4). Does 26 divide 0 + 3*(u - -21)?
False
Let f(h) = h - 1. Let x be f(3). Suppose 369 = -x*q + 5*q. Does 15 divide q?
False
Suppose -29*z + 16 = 103. Suppose 3*q = 4*t - 18, -2*t + 5*q + 1 = -1. Is (-7)/(63/t)*z even?
True
Let n be 63*2/4*58/3. Let z = n - 336. Is 13 a factor of z?
True
Let o be 9/((-63)/2) - (-2874)/14. Suppose -3*v + 4*c + o = 0, -155 = -2*v + 4*c - 17. Is 6 a factor of v?
False
Suppose 7*v - v = 30, r = -v + 80. Does 11 divide r?
False
Is 5 - ((-2918)/4 - (-42)/(-84)) a multiple of 16?
False
Let j(v) = v**2 + 10*v + 9. Let m be j(-10). Let w = m - 1. Let f = 22 + w. Is 30 a factor of f?
True
Let r be ((-3)/(-4))/((-5)/(-60)). Suppose x + 3 = 3*v + r, -19 = -2*x - v. Is 5 a factor of (-2 + 15/x)*-18?
False
Does 17 divide 2436/4 - -1*(0 + 3)?
True
Let t = 327 + -108. Is t a multiple of 29?
False
Suppose 2*g + x + 0 = 1, -5*x - 15 = 0. Is 10 a factor of ((-10)/(-5))/(g/20)?
True
Suppose 5*t - t = -k + 7, -3*k = t - 10. Let u(c) = 18*c**3 + c**2. Does 19 divide u(t)?
True
Let w(s) be the first derivative of -s**4/4 + 3*s**3 - 4*s**2 + 2*s - 6. Let m be w(8). Is m + (-1)/1*-23 a multiple of 11?
False
Suppose 0*i + i - 8 = -c, 2*i - 4 = c. Let q(t) = 11*t**2 + 5 - c*t**3 - 6*t**3 + 11*t**3 - 15*t. Is q(-12) a multiple of 14?
False
Let m be ((-84)/(-6))/((-2)/(-24)). Is 4 a factor of ((-4)/3)/((-8)/m)?
True
Does 56 divide 3 - (-5 + 11) - (-3171 + -3)?
False
Let o(a) = -a**3 + 12*a**2 + 11*a - 6. Does 4 divide o(12)?
False
Suppose -23 = -2*j - 15. Suppose 320 = 5*s - 3*p, 0*p - 2*p + 256 = j*s. Is 21 a factor of s?
False
Let q(f) = f**3 + 5*f**2 - 8*f - 2. Let t be q(-6). Let u be (-5)/t*(-5 + -1). Does 3 divide 11 + u*(-2 - -3)?
False
Let l(b) = -b**3 + 7*b**2 + 2*b - 9. Let j be 3 - ((3 - 2) + -5). Let t be l(j). Suppose -2*o - t*i = 5, -4*o - 2*i = -2*o - 4. Is 3 a factor of o?
False
Suppose -2*y + 77 + 7 = 0. Let s = y + -16. Let a = s - -14. Is a a multiple of 10?
True
Let f = 202 - -403. Suppose -4*i = 61 - f. Does 19 divide i?
False
Let c(b) = -25*b - 245. Is 10 a factor of c(-35)?
True
Let o(q) = 371*q**2 + 2*q. Is o(-1) a multiple of 15?
False
Suppose q - 5*q = -8. Let b be 350/(-125)*(-5)/q. Let v(m) = 15*m - 23. Does 11 divide v(b)?
False
Suppose 0 = 2*d - 39 + 9. Let b = d + 8. Does 23 divide b?
True
Let b be 8/(2 - (-2 - -5)). Let w be ((-284)/b)/((-1)/(-2)). Suppose 0 = -0*u - u + w. Is 19 a factor of u?
False
Suppose -v - 32 = -3*v. Suppose -4*y + 28 - v = 0. Suppose -2*t + 217 = -d, 2*t = -y*d + 4 + 209. Is 27 a factor of t?
True
Suppose -232 = 3*b - 11*b. Does 15 divide b?
False
Suppose 0*b - 2*g = -4*b + 4974, -5*g + 4981 = 4*b. Does 15 divide b?
False
Let w = -208 - -773. Is 39 a factor of w?
False
Suppose 48*k - 43*k - 755 = 0. Let i = k - 135. Is i a multiple of 16?
True
Suppose -2127 - 723 = -10*n. Is 95 a factor of n?
True
Suppose -3*c = 5*o - 1191, -o + 4*c + 141 + 111 = 0. Let s = o + -111. Suppose -4*j - s = -7*j. Is 10 a factor of j?
False
Let j be 6/(-5)*(-80)/24. Suppose -72 - 12 = -j*f. Suppose -4*y + 158 = t, -5*t - 29 = -y + f. Is y a multiple of 10?
True
Suppose o - 3*m + 6*m = -6, -5*o - 4*m = 8. Let c(q) = q + 4. Let f be c(o). Suppose -f*r + 66 = -62. Is r a multiple of 10?
False
Let a(x) = x - 19. Let j(s) = 6. Let v(b) = -4*a(b) - 14*j(b). Let q = 3 + -10. Is v(q) a multiple of 10?
True
Let a(x) = x**2 + 8*x + 3. Let j(f) = f**2. Let u = -29 - -30. Let h(n) = u*a(n) - 2*j(n). Is h(6) a multiple of 13?
False
Suppose 0 = 27*r - 23*r + 16. Suppose 4*d - i + 22 = i, -3*i = -2*d - 17. Does 22 divide 20 + 2/r*d?
True
Is 44 a factor of 2562/2 - (2 - -13)/3?
True
Suppose 4*c = 2*k - 1728, -5*k = 3*c + c - 4292. Suppose 212 = -9*d + k. Is 6 a factor of d?
True
Suppose -3*g + 4 = 10. Is 26 a factor of (234/15)/(g/(-10))?
True
Let z(d) = 4 - 4 - 6*d. Let h be 172/774*-1*9. Does 8 divide z(h)?
False
Suppose -6*r + 13*r - 70 = 0. Suppose -r*p + 240 = -5*p. Is 12 a factor of p?
True
Let t(u) = -65*u + 164. Is t(-22) a multiple of 10?
False
Let t be (54/(-36))/((-3)/32). Suppose -2*z + 66 - t = 0. Is z a multiple of 4?
False
Suppose -3*s = -8*s + 390. Does 53 divide s?
False
Let k(h) = h**2 + 2*h - 5. Let d be k(-4). Suppose -7 = -3*j + 2*c - 4, 0 = d*j - 3*c. Suppose -s + j*v + 36 = 0, 0*s + 85 = 5*s + 4*v. Is s a multiple of 21?
True
Suppose 412 = 5*v - 4*l + 2*l, -352 = -4*v - 4*l. Let o = v + -50. Is 17 a factor of o?
True
Suppose 0 = -g + 6*g - 320. Let p = g + 19. Does 13 divide p?
False
Suppose 5*c = 7*c - 10. Suppose 185 + 490 = c*z. Is 27 a factor of z?
True
Suppose 0 = -2*b - t + 9, 0 = -b - 2*t + 6 + 6. Let j(k) = -106*k**2 + 107*k**b + 5 + k - 1. Is j(-7) a multiple of 6?
False
Let a be ((-61 - 0) + 0)*-1. Let h = -50 + a. Is 11 a factor of h?
True
Let u = -81 + 112. Is u a multiple of 2?
False
Let q(m) = 5*m - 4. Let j(s) = -s + 1. Suppose -4*h + l = 33, -l + 3*l - 39 = 5*h